1659.
11, 11969
What are the prime factors of 99235?
5, 89, 223
List the prime factors of 1294.
2, 647
What are the prime factors of 777?
3, 7, 37
What are the prime factors of 7500?
2, 3, 5
What are the prime factors of 25490?
2, 5, 2549
What are the prime factors of 17606?
2, 8803
List the prime factors of 672.
2, 3, 7
What are the prime factors of 1946?
2, 7, 139
List the prime factors of 3546.
2, 3, 197
List the prime factors of 934.
2, 467
List the prime factors of 23681.
7, 17, 199
What are the prime factors of 126331?
19, 61, 109
List the prime factors of 3247.
17, 191
What are the prime factors of 21138?
2, 3, 13, 271
What are the prime factors of 36?
2, 3
List the prime factors of 120169.
7, 17167
List the prime factors of 11210.
2, 5, 19, 59
What are the prime factors of 22365?
3, 5, 7, 71
List the prime factors of 31273.
11, 2843
What are the prime factors of 27437?
27437
List the prime factors of 1168.
2, 73
List the prime factors of 15694.
2, 7, 19, 59
What are the prime factors of 21?
3, 7
What are the prime factors of 94940?
2, 5, 47, 101
What are the prime factors of 893?
19, 47
List the prime factors of 1757.
7, 251
List the prime factors of 1991.
11, 181
What are the prime factors of 26653?
11, 2423
List the prime factors of 1033.
1033
List the prime factors of 612.
2, 3, 17
What are the prime factors of 773?
773
What are the prime factors of 9509?
37, 257
What are the prime factors of 936?
2, 3, 13
List the prime factors of 482.
2, 241
List the prime factors of 535.
5, 107
What are the prime factors of 35267?
35267
List the prime factors of 59140.
2, 5, 2957
What are the prime factors of 381?
3, 127
What are the prime factors of 4070?
2, 5, 11, 37
What are the prime factors of 321?
3, 107
What are the prime factors of 3138?
2, 3, 523
What are the prime factors of 798?
2, 3, 7, 19
List the prime factors of 160433.
7, 13, 41, 43
What are the prime factors of 9708?
2, 3, 809
List the prime factors of 812.
2, 7, 29
What are the prime factors of 1005?
3, 5, 67
What are the prime factors of 21830?
2, 5, 37, 59
List the prime factors of 2220.
2, 3, 5, 37
List the prime factors of 1051.
1051
List the prime factors of 45037.
29, 1553
List the prime factors of 425.
5, 17
What are the prime factors of 11143?
11, 1013
What are the prime factors of 179?
179
What are the prime factors of 97516?
2, 24379
What are the prime factors of 465?
3, 5, 31
List the prime factors of 18319.
7, 2617
List the prime factors of 1366.
2, 683
What are the prime factors of 15988?
2, 7, 571
What are the prime factors of 29371?
23, 1277
List the prime factors of 125307.
3, 7, 13, 17
What are the prime factors of 789?
3, 263
What are the prime factors of 32721?
3, 13, 839
What are the prime factors of 32490?
2, 3, 5, 19
List the prime factors of 72737.
7, 10391
What are the prime factors of 17733?
3, 23, 257
List the prime factors of 408.
2, 3, 17
List the prime factors of 6828.
2, 3, 569
What are the prime factors of 1828?
2, 457
List the prime factors of 2211.
3, 11, 67
What are the prime factors of 911?
911
List the prime factors of 2273.
2273
List the prime factors of 577.
577
List the prime factors of 25739.
7, 3677
What are the prime factors of 536?
2, 67
List the prime factors of 228.
2, 3, 19
List the prime factors of 2019.
3, 673
List the prime factors of 8108.
2, 2027
List the prime factors of 10754.
2, 19, 283
List the prime factors of 22968.
2, 3, 11, 29
What are the prime factors of 3937?
31, 127
List the prime factors of 87272.
2, 10909
What are the prime factors of 10268?
2, 17, 151
What are the prime factors of 159908?
2, 7, 5711
What are the prime factors of 28364?
2, 7, 1013
What are the prime factors of 1184?
2, 37
List the prime factors of 73650.
2, 3, 5, 491
What are the prime factors of 1796?
2, 449
List the prime factors of 1198.
2, 599
What are the prime factors of 1389?
3, 463
What are the prime factors of 3995?
5, 17, 47
List the prime factors of 614.
2, 307
What are the prime factors of 61307?
101, 607
What are the prime factors of 139056?
2, 3, 2897
List the prime factors of 2216.
2, 277
List the prime factors of 18555.
3, 5, 1237
List the prime factors of 4468.
2, 1117
What are the prime factors of 8076?
2, 3, 673
List the prime factors of 1173.
3, 17, 23
What are the prime factors of 3325?
5, 7, 19
List the prime factors of 569.
569
What are the prime factors of 1677?
3, 13, 43
List the prime factors of 7170.
2, 3, 5, 239
List the prime factors of 1740.
2, 3, 5, 29
What are the prime factors of 532?
2, 7, 19
What are the prime factors of 4040?
2, 5, 101
List the prime factors of 2109.
3, 19, 37
What are the prime factors of 891?
3, 11
What are the prime factors of 3437?
7, 491
What are the prime factors of 12376?
2, 7, 13, 17
List the prime factors of 3298.
2, 17, 97
List the prime factors of 11290.
2, 5, 1129
List the prime factors of 85620.
2, 3, 5, 1427
What are the prime factors of 2462?
2, 1231
What are the prime factors of 4420?
2, 5, 13, 17
What are the prime factors of 1807?
13, 139
List the prime factors of 1795.
5, 359
List the prime factors of 4093.
4093
List the prime factors of 1448.
2, 181
What are the prime factors of 1612?
2, 13, 31
What are the prime factors of 10097?
23, 439
List the prime factors of 1159.
19, 61
What are the prime factors of 2722?
2, 1361
What are the prime factors of 13126?
2, 6563
List the prime factors of 26070.
2, 3, 5, 11, 79
What are the prime factors of 866?
2, 433
List the prime factors of 79579.
79579
List the prime factors of 3131.
31, 101
List the prime factors of 317.
317
What are the prime factors of 16868?
2, 4217
What are the prime factors of 128212?
2, 7, 19, 241
What are the prime factors of 1240?
2, 5, 31
What are the prime factors of 83891?
83891
What are the prime factors of 5034?
2, 3, 839
What are the prime factors of 340?
2, 5, 17
List the prime factors of 2522.
2, 13, 97
What are the prime factors of 173?
173
List the prime factors of 10914.
2, 3, 17, 107
What are the prime factors of 1394?
2, 17, 41
List the prime factors of 3951.
3, 439
List the prime factors of 59460.
2, 3, 5, 991
List the prime factors of 4929.
3, 31, 53
List the prime factors of 2428.
2, 607
List the prime factors of 935.
5, 11, 17
What are the prime factors of 40152?
2, 3, 7, 239
List the prime factors of 7048.
2, 881
What are the prime factors of 122082?
2, 3, 20347
List the prime factors of 646.
2, 17, 19
List the prime factors of 1302.
2, 3, 7, 31
What are the prime factors of 29355?
3, 5, 19, 103
List the prime factors of 11414.
2, 13, 439
List the prime factors of 4790.
2, 5, 479
What are the prime factors of 48266?
2, 24133
What are the prime factors of 10414?
2, 41, 127
What are the prime factors of 8096?
2, 11, 23
What are the prime factors of 24071?
24071
What are the prime factors of 6901?
67, 103
What are the prime factors of 11558?
2, 5779
List the prime factors of 11158.
2, 7, 797
List the prime factors of 8357.
61, 137
List the prime factors of 2578.
2, 1289
List the prime factors of 2529.
3, 281
List the prime factors of 4751.
4751
List the prime factors of 12340.
2, 5, 617
List the prime factors of 446.
2, 223
What are the prime factors of 1109?
1109
What are the prime factors of 1314?
2, 3, 73
List the prime factors of 80666.
2, 53, 761
List the prime factors of 4618.
2, 2309
List the prime factors of 3447.
3, 383
What are the prime factors of 564?
2, 3, 47
List the prime factors of 21512.
2, 2689
List the prime factors of 264.
2, 3, 11
List the prime factors of 36194.
2, 18097
List the prime factors of 66429.
3, 11, 61
List the prime factors of 6418.
2, 3209
List the prime factors of 72986.
2, 36493
List the prime factors of 8386.
2, 7, 599
What are the prime factors of 21637?
7, 11, 281
List the prime factors of 1097.
1097
List the prime factors of 7846.
2, 3923
List the prime factors of 909.
3, 101
List the prime factors of 8010.
2, 3, 5, 89
What are the prime factors of 6083?
7, 11, 79
List the prime factors of 71481.
3, 23827
List the prime factors of 2902.
2, 1451
What are the prime factors of 17157?
3, 7, 19, 43
List the prime factors of 129.
3, 43
What are the prime factors of 255?
3, 5, 17
What are the prime factors of 172651?
41, 4211
List the prime factors of 1086.
2